 - -16).
-126
What is the value of 54 + (-5 - (-15 - -105))?
-41
Evaluate -38 - (32 + -1) - -32 - 15.
-52
Evaluate (-6 - -29 - (9 - -4)) + -9 + (-2 - 5).
-6
What is the value of ((-1 - -1) + 8 - (453 - 448)) + 11?
14
Calculate (49 - 29 - -77) + (-46 - -11).
62
What is the value of -30 - 0 - (-170 + 169 + 49)?
-78
Evaluate 52 - (99 + -82 + 38).
-3
Evaluate (11 - (5 + (27 - (1 - -9)))) + -12.
-23
What is the value of (2 - (1 - 6)) + -32 + -9 + 14?
-20
Evaluate 46 - ((30 - 0) + -10).
26
What is -6 + 3 - ((-1 - -3) + 16 + -5 + -7)?
-9
What is the value of (18 + -6 - -50) + -44?
18
Evaluate 83 + (-177 - -108) - 12.
2
Calculate (-93 - -14) + (-12 + -20 - -16 - -3).
-92
What is the value of 98 - ((-345 - -326) + (-2 - -50))?
69
74 - (-73 - (26 + -180))
-7
What is (1734 - 1864) + (37 - -1)?
-92
Evaluate -24 + -55 - (-367 - -338).
-50
What is (-30 - 3) + (21 - (52 - (-32 - -53)))?
-43
Calculate -46 + -5 + 16 + -4.
-39
42 + 0 + (-1 - 82)
-41
Calculate 21 - (0 + 1) - (-411 + (719 - 390)).
102
What is 18 - 90 - -74 - (-15 + -1)?
18
Evaluate -43 + (-6 + (4 - -1) - (-27 + 10)) + -9.
-36
Evaluate -42 - (-30 - (-28 + 31)).
-9
Evaluate (-31 - (-59 + 42)) + 38.
24
Calculate (6 + 3 + -19 - -7) + -6 + -28.
-37
Evaluate -56 + 31 + (4 + 16 - 54).
-59
What is -2 - ((-136 - ((19 - 9) + -1)) + 22)?
121
(33 + 0 - 4) + 235 + -326
-62
What is the value of (-12 - -13) + (3 - (40 - ((4 - -3) + -14)))?
-43
What is -8 + 3 + -44 + 0 + (-44 - -36)?
-57
What is -2 - 0 - -22 - (-16655 + 16642)?
33
What is 5 + 1 - -3 - (-87 - -66) - 16?
14
5 - (66 + -3) - (60 - 76)
-42
What is -115 - 2 - (-80 - (-94 + 37))?
-94
Calculate (46 - -4) + -63 + 14 + 10.
11
(-67 - -99) + (17 + -13 - (3 + (-4 - 3)))
40
-1211 - -1107 - (5 + -35 + -6)
-68
What is -28 - ((23 - 31) + 5 + -10 + 12)?
-27
What is the value of (1894 - 2016) + 5 + 95?
-22
Calculate (48 - 46) + -23 + -2 + (-67 - -13).
-77
Evaluate (-12 - 29 - -38) + (-1 - -4 - -40).
40
Calculate 20 + 12 + 9 + -58 + -16.
-33
What is the value of -36 + (12 - -113) + 33 + -32?
90
Calculate (49 + -25 - 45 - (-2 + -11)) + 6 + -14.
-16
8 + (-1 - (-4 + 7)) - 9
-5
Evaluate (33 - (21 - 24)) + -32 + -123.
-119
Evaluate (1 - 88) + -2928 + 2921.
-94
(-9 - -37 - (7 + -22)) + (9 - 1)
51
Evaluate -30 + 24 - 32 - -66.
28
Evaluate -82 + 12 + (-31 - -18) + (15 - 14).
-82
Evaluate (45 + -52 - (4 + -10 + -5)) + -2 + -5.
-3
What is -24 + 14 + (4 + -12 + 4 - -2) + -89?
-101
22 + (-4 - 8 - -22 - 29)
3
Evaluate -1 - 3 - (22 - (4 + 35)).
13
What is 18 + (-47 - -16) + 89?
76
What is the value of (-1 - (15 + 61)) + (-12 - -40 - 40)?
-89
Evaluate 1 + 49 - -2 - (44 + (-30 - -7) + -11).
42
Calculate (28 - (58 + 57)) + 51.
-36
Evaluate -6 + (-12 - (-68 + 15)) - (-7 + 16).
26
What is -3 + 13 + (-22 - -29) - 1?
16
Calculate -9 - (29 + -30) - (-29 - (4 + -2 + -2)).
21
What is -254 + (-103 - (-102 - 147))?
-108
What is the value of 931 - 878 - (83 - 0)?
-30
What is (215 - (-41 - -139)) + -124?
-7
Calculate (-82 - -29) + -9 + 44.
-18
What is the value of -34 + -120 + (41 - -43)?
-70
What is 5 - (14 - (2 + 13 + 5))?
11
What is the value of (58 - -16) + -25 + -29?
20
What is (0 - -5) + -11 + -69 + 19?
-56
Evaluate 28 - (-19 + (13 - (-8 - 5))).
21
What is 691 - 719 - (0 + -25) - (3 + -1)?
-5
What is 95 + -95 + 95 + -11 + 1 + 2?
87
Evaluate (-1 - -28) + (3605 - 3569).
63
What is the value of -49 + 4 + (1 - (40 - 136))?
52
Evaluate -2 + (-18 - 1) - (109 + (-169 - -90)).
-51
What is 4 + (-27 - -33) + 0 + -5 + -2 + 5?
8
What is -82 + (0 - 10) + 114?
22
What is the value of -2 + -7 - -7 - (-113 - -46)?
65
What is (13 + -25 + -12 - -13) + 4?
-7
Calculate -26 - (-40 - (-17 - 26) - (-4 + -3 + 1)).
-35
What is the value of (-3 + 9 - (10 - -1)) + 14 + -34 - 2?
-27
Calculate 18 - (5 + 12 + -27 + -17).
45
(55 + -112 - -103) + -73
-27
(23 - 1) + -67 + 20 - (1 + 11)
-37
Calculate -47 + ((19 - (2 + 6)) + -2 - 7) + -3.
-48
-36 - (8 + (1 - (-7 - -26) - (0 - 4)))
-30
Evaluate -148 - (-151 + 39 + 35).
-71
What is 17 - ((7 - 12) + (14 - 19))?
27
What is 23 + (-4 + 0 - (-115 + 123)) - 31?
-20
Calculate 1 + 36 - ((37 - 4) + 43).
-39
Evaluate (110 - (-10 - -120)) + (3 - 11).
-8
What is 4 - (44 - (-14 + 19)) - (3 - 5)?
-33
What is -58 + -2 - (641 - 683)?
-18
Calculate (-3 - -7 - 7) + (373 - 280).
90
What is -37 + -74 - -89 - (0 - -11)?
-33
Evaluate 11011 - 11008 - (-1 - -18).
-14
-1 - -74 - (-83 + 76 + 9 + 1 + 5)
65
Calculate -13 + (73 - (-26 + 138)).
-52
(-3161 - -3174) + (-15 - (2 + 0)) + 0
-4
-69 + (32 - -42) - (0 - -54)
-49
What is -26 + -40 + 16 + 30?
-20
Evaluate 43 + 81 + -69 + 1.
56
Evaluate -14 + (-21 - -1) + (19 - 3) + -22.
-40
What is -81 + (79 - -19) + (113 - 0)?
130
Evaluate 51 - ((-1 - -37) + -7 - 58).
80
What is -42 + (-1 - -20) + (-127 - -93)?
-57
Calculate 43 + (-31 + -64 + -27 - -32).
-47
Calculate 6 - 9 - (15 - (20 + -15 + 34)).
21
What is the value of (1 + 19 + -12 + 50 - -8) + (9 - 1)?
74
What is the value of 6 + (-47 + 75 - -44)?
78
(-8 + 94 - (43 - 45) - -12) + -9
91
Calculate (13 - 1) + (-132 + 63 - -63).
6
Calculate -104 + (9 - ((34 - 16) + -19)).
-94
What is the value of -146 + -5 + 8 + 32 + 1 + -9?
-119
(-3 - (1 + -31)) + 872 + -922
-23
What is 5 + 1 + 37 + -56 + -38 + 114?
63
Calculate 9 - (-113 - -98 - (0 - 18)) - (4 + 3).
-1
Evaluate (-7 - -107 - 106) + -3 + -1 + -123.
-133
Calculate -26 - (-84 + 38 - -6).
14
What is the value of 65 + -77 - (-32 - -43)?
-23
(2 - (10 + -22)) + (15 + -4 - -15)
40
What is the value of (11 - 3 - 3) + (31 - (3 + 19))?
14
Calculate 7 + -19 + 32 - 26 - (14 + -36).
16
Calculate -3 - -1 - -45 - -2 - (-180 + (9 - -180)).
36
What is (-324 - (-52 + -343)) + -2 + 15 + (1 - 0)?
85
Calculate (1 - 8) + (-9 + 9 - -8 - (66 - -2)).
-67
58 + (-4 - 0) - (-29 - -44)
39
What is the value of 10 - (7 + (-44 - -17) + 82)?
-52
(23 - 8) + 2 + -4 + -1 + -40
-28
Calculate (-1 - -13) + (-379 - -332).
-35
Calculate -1 + 63 + 138 + -85 + -51.
64
71 + (12 - (67 - 15))
31
Calculate -101 - -109 - (-7 + (9 - 16)).
22
What is 99 + 28 + 4 + 22 + -53?
100
(60 - (-40 + 8)) + (-12 - 16)
64
What is 12 - (5 - -93 - (1 - (-25 + 24)))?
-84
What is the value of 109 + -63 + 0 + 25 - 9?
62
Evaluate 8 + (36 + 0 - (-31 + 34)).
41
Calculate 40 + -16 + (294 - 262).
56
Calculate -21 + (7 - -9 - (2 + -98)).
91
What is the value of -5 - (-3 - -9) - ((41 - 15) + -2)?
-35
What is (10 - 20 - (-21 - -18)) + -9?
-16
Calculate 24 - (-4 + (-8 - 3 - -27)).
12
What is -12 + 0 + 1 + (47 - -13 - 13)?
36
4 + (3 + -2 - 7 - -12) + -19
-9
Evaluate -6 - ((-11 - 24) + 60 + -35 + (1 - -18)).
-15
Calculate -241 + 252 + (-34 - -82).
59
What is -57 + 97 - (40 - 5 - 14)?
19
-90 - 4 - (318 - 392)
-20
Evaluate (30 - (-57 + 114)) + (-1 - -38).
10
Evaluate 19 + (8 - (6 + -4)) - (363 + -376).
38
Calculate (18 - (32 + -28 - (-8 - 4))) + 85.
87
Calculate -21 + 7 - (7 - 28) - (6 + -42).
43
Calculate -28 + -8 + 16 - -21 - 11.
-10
What is 39 + (-56 - 38) + 13?
-42
What is the value of -12 - (71 - (-20 - -4)) - -20?
-79
Evaluate 70 + 19 + (25 - 29 - 16).
69
-1 - (14 + (-14 + -7 - -11) - 17)
12
What is 24 + (42 - 36) + -19?
11
What is the value of -20 + 12 - (-113 + 21)?
84
Evaluate (-76 - -190 - 69) + -77.
-32
Evaluate (15 - 4) + -55 + (-1 - -14) - (1 + 0).
-32
What is the value of 10 + (-1 - 1) + 6 + 13 + (38 - 16)?
49
What is the value of -61 + 2 + 66 + 7?
14
What is 8 - (-2 - 50) - (-17 - (0 + 13 - 17))?
73
Evaluate 0 + 2 + (16 - -13 - 34).
-3
Calculate (3 - -2 - (-4 - (22 - 16))) + 28.
43
Evaluate -123 + 128 + (-1 - -5) - (8 - (-16 + 16)).
1
145 - (-126 - (48 + -204))
115
Calculate (521 - (1043 - 527)) + (1 + 0 + -2 - 69).
-65
-21 + 60 + -51 + (-42 - -6)
-48
What is 13 + (105 - 102) + (7 - 1)?
22
Calculate -10 - (1 - -25 - 52) - 107 - (1 - 2).
-90
What is 19 - -48 - 52 - (7 + -61)?
69
Calculate -7 + 4 + -5 + (7 - 5) + (-60 - -52).
-14
Evaluate -41 - 17 - (-5 + (5 - 10)).
-48
What is the value of 149 + (-53 - (52 + -20))?
64
(137 - 36 - 46) + -80
-25
Calculate (3 - 153) + -28 + 49 + 14.
-115
-22 - (45 - 162 - -42)
53
Calculate (18 - -134 - 189) + (3 - -18).
-16
What is 3 - (-17 + 14 + -16 - -54)?
-32
Evaluate -31 + -1 - -42 - -23.
33
What is the value of -53 + (67 - 78) + 10?
-54
Calculate (-1 - 2) + (-1 - -16 - (-74 - -91)).
-5
What is -18 + 26 + 22 + 1 + -27?
4
What is (-37 - -40 - (9 + -8)) + 42?
44
Evaluate -9475 - -9550 